{"id":40,"date":"2017-03-04T17:15:53","date_gmt":"2017-03-04T17:15:53","guid":{"rendered":"http:\/\/tonitoivonen.net\/?page_id=40"},"modified":"2025-11-30T15:37:25","modified_gmt":"2025-11-30T15:37:25","slug":"teesit","status":"publish","type":"page","link":"https:\/\/tonitoivonen.net\/?page_id=40","title":{"rendered":"Tavoitteita valtuustokaudelle    2025-2028"},"content":{"rendered":"\n<p><\/p>\n\n\n<h1><span style=\"color: #000000;\">T\u00e4rkeimmist\u00e4 tinkim\u00e4tt\u00e4!<\/span><\/h1>\n<p>\u00a0<\/p>\n<h1><span style=\"color: #000000;\">Tinkim\u00e4tt\u00e4 lasten ja nuorten puolella!<\/span><\/h1>\n<ul>\n<li><span style=\"color: #000000;\">koulun resurssit turvataan my\u00f6s oppimisen tuen uudistuksessa<\/span><\/li>\n<li><span style=\"color: #000000;\">lis\u00e4panostusta lasten ja nuorten mielenterveysty\u00f6h\u00f6n<\/span><\/li>\n<li><span style=\"color: #000000;\">parempaa tukea perheille &#8211; ajoissa<\/span><\/li>\n<li><span style=\"color: #000000;\">nuorten harrastuksille enemm\u00e4n\u00a0tukea<\/span><\/li>\n<\/ul>\n<h1><span style=\"color: #000000;\"><b>Inhimillisempi ote kaavoitukseen<\/b><\/span><\/h1>\n<ul>\n<li style=\"font-weight: 400;\" aria-level=\"1\"><span style=\"color: #000000;\"><span style=\"font-weight: 400;\">j<\/span>\u00e4rkev\u00e4\u00e4 kaavoitusta luontoarvot huomioiden<\/span><\/li>\n<li aria-level=\"1\"><span style=\"color: #000000;\">valtuuston otettava j\u00e4m\u00e4k\u00e4mpi ote kaavoitukseen<\/span><\/li>\n<li aria-level=\"1\"><span style=\"color: #000000;\">Kaarina kasvaa mutta ei mill\u00e4 hinnalla hyv\u00e4ns\u00e4 \u2013 asukkaiden viihtyvyys etusijalle<\/span><\/li>\n<li aria-level=\"1\"><span style=\"color: #000000;\">Rauhalinnan kaavoituksessa huomioidaan maisemat ja milj\u00f6\u00f6t<\/span><\/li>\n<\/ul>\n<p><span style=\"color: #000000;\"><b>Inhimillisempi ote p\u00e4\u00e4t\u00f6ksentekoon<\/b><\/span><\/p>\n<ul>\n<li><span style=\"color: #000000;\">kaupunkilaisen paras eturyhmien tavoitteiden edelle<\/span><\/li>\n<li aria-level=\"1\"><span style=\"color: #000000;\">p\u00e4\u00e4t\u00f6sten vaikutukset ihmisiin arvioitava paremmin<\/span><\/li>\n<li aria-level=\"1\"><span style=\"color: #000000;\">yritt\u00e4j\u00e4yst\u00e4v\u00e4llist\u00e4 ilmapiiri\u00e4 kehitet\u00e4\u00e4n edelleen<\/span><\/li>\n<\/ul>\n<p><span style=\"color: #000000;\"><b>Pidet\u00e4\u00e4n sairaat ja ik\u00e4\u00e4ntyv\u00e4t mukana!<\/b><\/span><\/p>\n<ul>\n<li aria-level=\"1\"><span style=\"color: #000000;\">nopea hoitoonp\u00e4\u00e4sy turvataan\u00a0<\/span><\/li>\n<li aria-level=\"1\"><span style=\"color: #000000;\">kohdellaan ik\u00e4ihmisi\u00e4 kunniakansalaisina<\/span><\/li>\n<li aria-level=\"1\"><span style=\"color: #000000;\">l\u00e4himm\u00e4ist\u00e4 ei j\u00e4tet\u00e4 \u2013 mieluummin ruokakasseja tarvitsijoille kuin matkoja virkamiehille ja lautakunnille<\/span><\/li>\n<\/ul>\n<p>\u00a0<\/p>\n<ul>\n<li aria-level=\"1\"><strong>Itsen\u00e4inen ja yhteisty\u00f6kykyinen Kaarina<\/strong><\/li>\n<li style=\"font-weight: 400;\" aria-level=\"1\">\n<h1><span style=\"color: #000000;\"><b>Ihmisen, luonnon ja talouden tasapaino<\/b><\/span><\/h1>\n<\/li>\n<\/ul>\n<p><span style=\"color: #000000;\"><img loading=\"lazy\" decoding=\"async\" class=\"aligncenter size-medium wp-image-114\" src=\"http:\/\/tonitoivonen.net\/wp-content\/uploads\/2017\/03\/20140428_195553-300x225.jpg\" alt=\"\" width=\"300\" height=\"225\" srcset=\"https:\/\/tonitoivonen.net\/wp-content\/uploads\/2017\/03\/20140428_195553-300x225.jpg 300w, https:\/\/tonitoivonen.net\/wp-content\/uploads\/2017\/03\/20140428_195553-768x576.jpg 768w, https:\/\/tonitoivonen.net\/wp-content\/uploads\/2017\/03\/20140428_195553-1024x768.jpg 1024w, https:\/\/tonitoivonen.net\/wp-content\/uploads\/2017\/03\/20140428_195553-400x300.jpg 400w\" sizes=\"auto, (max-width: 300px) 100vw, 300px\" \/><\/span><\/p>\n\n\n<h2 class=\"wp-block-heading\"><\/h2>\n","protected":false},"excerpt":{"rendered":"<p>T\u00e4rkeimmist\u00e4 tinkim\u00e4tt\u00e4! \u00a0 Tinkim\u00e4tt\u00e4 lasten ja nuorten puolella! koulun resurssit turvataan my\u00f6s oppimisen tuen uudistuksessa lis\u00e4panostusta lasten ja nuorten mielenterveysty\u00f6h\u00f6n parempaa tukea perheille &#8211; ajoissa nuorten harrastuksille enemm\u00e4n\u00a0tukea Inhimillisempi ote kaavoitukseen j\u00e4rkev\u00e4\u00e4 kaavoitusta luontoarvot huomioiden valtuuston otettava j\u00e4m\u00e4k\u00e4mpi ote kaavoitukseen &hellip; <a href=\"https:\/\/tonitoivonen.net\/?page_id=40\">Lue loppuun <span class=\"meta-nav\">&rarr;<\/span><\/a><\/p>\n","protected":false},"author":1,"featured_media":0,"parent":0,"menu_order":0,"comment_status":"closed","ping_status":"closed","template":"","meta":{"_exactmetrics_skip_tracking":false,"_exactmetrics_sitenote_active":false,"_exactmetrics_sitenote_note":"","_exactmetrics_sitenote_category":0,"footnotes":""},"class_list":["post-40","page","type-page","status-publish","hentry"],"_links":{"self":[{"href":"https:\/\/tonitoivonen.net\/index.php?rest_route=\/wp\/v2\/pages\/40","targetHints":{"allow":["GET"]}}],"collection":[{"href":"https:\/\/tonitoivonen.net\/index.php?rest_route=\/wp\/v2\/pages"}],"about":[{"href":"https:\/\/tonitoivonen.net\/index.php?rest_route=\/wp\/v2\/types\/page"}],"author":[{"embeddable":true,"href":"https:\/\/tonitoivonen.net\/index.php?rest_route=\/wp\/v2\/users\/1"}],"replies":[{"embeddable":true,"href":"https:\/\/tonitoivonen.net\/index.php?rest_route=%2Fwp%2Fv2%2Fcomments&post=40"}],"version-history":[{"count":15,"href":"https:\/\/tonitoivonen.net\/index.php?rest_route=\/wp\/v2\/pages\/40\/revisions"}],"predecessor-version":[{"id":326,"href":"https:\/\/tonitoivonen.net\/index.php?rest_route=\/wp\/v2\/pages\/40\/revisions\/326"}],"wp:attachment":[{"href":"https:\/\/tonitoivonen.net\/index.php?rest_route=%2Fwp%2Fv2%2Fmedia&parent=40"}],"curies":[{"name":"wp","href":"https:\/\/api.w.org\/{rel}","templated":true}]}}

<p></p>


<h1><span style="color: #000000;">Tärkeimmistä tinkimättä!</span></h1>
<p> </p>
<h1><span style="color: #000000;">Tinkimättä lasten ja nuorten puolella!</span></h1>
<ul>
<li><span style="color: #000000;">koulun resurssit turvataan myös oppimisen tuen uudistuksessa</span></li>
<li><span style="color: #000000;">lisäpanostusta lasten ja nuorten mielenterveystyöhön</span></li>
<li><span style="color: #000000;">parempaa tukea perheille &#8211; ajoissa</span></li>
<li><span style="color: #000000;">nuorten harrastuksille enemmän tukea</span></li>
</ul>
<h1><span style="color: #000000;"><b>Inhimillisempi ote kaavoitukseen</b></span></h1>
<ul>
<li style="font-weight: 400;" aria-level="1"><span style="color: #000000;"><span style="font-weight: 400;">j</span>ärkevää kaavoitusta luontoarvot huomioiden</span></li>
<li aria-level="1"><span style="color: #000000;">valtuuston otettava jämäkämpi ote kaavoitukseen</span></li>
<li aria-level="1"><span style="color: #000000;">Kaarina kasvaa mutta ei millä hinnalla hyvänsä – asukkaiden viihtyvyys etusijalle</span></li>
<li aria-level="1"><span style="color: #000000;">Rauhalinnan kaavoituksessa huomioidaan maisemat ja miljööt</span></li>
</ul>
<p><span style="color: #000000;"><b>Inhimillisempi ote päätöksentekoon</b></span></p>
<ul>
<li><span style="color: #000000;">kaupunkilaisen paras eturyhmien tavoitteiden edelle</span></li>
<li aria-level="1"><span style="color: #000000;">päätösten vaikutukset ihmisiin arvioitava paremmin</span></li>
<li aria-level="1"><span style="color: #000000;">yrittäjäystävällistä ilmapiiriä kehitetään edelleen</span></li>
</ul>
<p><span style="color: #000000;"><b>Pidetään sairaat ja ikääntyvät mukana!</b></span></p>
<ul>
<li aria-level="1"><span style="color: #000000;">nopea hoitoonpääsy turvataan </span></li>
<li aria-level="1"><span style="color: #000000;">kohdellaan ikäihmisiä kunniakansalaisina</span></li>
<li aria-level="1"><span style="color: #000000;">lähimmäistä ei jätetä – mieluummin ruokakasseja tarvitsijoille kuin matkoja virkamiehille ja lautakunnille</span></li>
</ul>
<p> </p>
<ul>
<li aria-level="1"><strong>Itsenäinen ja yhteistyökykyinen Kaarina</strong></li>
<li style="font-weight: 400;" aria-level="1">
<h1><span style="color: #000000;"><b>Ihmisen, luonnon ja talouden tasapaino</b></span></h1>
</li>
</ul>
<p><span style="color: #000000;"><img loading="lazy" decoding="async" class="aligncenter size-medium wp-image-114" src="http://tonitoivonen.net/wp-content/uploads/2017/03/20140428_195553-300x225.jpg" alt="" width="300" height="225" srcset="https://tonitoivonen.net/wp-content/uploads/2017/03/20140428_195553-300x225.jpg 300w, https://tonitoivonen.net/wp-content/uploads/2017/03/20140428_195553-768x576.jpg 768w, https://tonitoivonen.net/wp-content/uploads/2017/03/20140428_195553-1024x768.jpg 1024w, https://tonitoivonen.net/wp-content/uploads/2017/03/20140428_195553-400x300.jpg 400w" sizes="auto, (max-width: 300px) 100vw, 300px" /></span></p>


<h2 class="wp-block-heading"></h2>

<p>Tärkeimmistä tinkimättä!   Tinkimättä lasten ja nuorten puolella! koulun resurssit turvataan myös oppimisen tuen uudistuksessa lisäpanostusta lasten ja nuorten mielenterveystyöhön parempaa tukea perheille &#8211; ajoissa nuorten harrastuksille enemmän tukea Inhimillisempi ote kaavoitukseen järkevää kaavoitusta luontoarvot huomioiden valtuuston otettava jämäkämpi ote kaavoitukseen &hellip; <a href="https://tonitoivonen.net/?page_id=40">Lue loppuun <span class="meta-nav">&rarr;</span></a></p>
